t v(p) = 9*p - 2. What is the remainder when v(5) is divided by j?
10
Let s = 279 + -260. Calculate the remainder when 29 is divided by s.
10
Suppose -y = 4*o - 608, 2*o + y = -2*y + 294. What is the remainder when o is divided by 7?
6
Suppose -5*q + 60 = 2*s, s = -2*q + 6*s - 5. Let o(u) = -u**2 - 67*u + 703. Calculate the remainder when o(9) is divided by q.
9
Suppose 0 = 3*w - 5*l - 123, -135 - 70 = -5*w - l. Calculate the remainder when 241 is divided by w.
36
Let z(c) = 4*c + 154. Calculate the remainder when z(-16) is divided by 27.
9
Suppose 4*n - 7 - 9 = 0, 4*t - 84 = -2*n. Suppose -4*q - 5 = 9*x - 12*x, 0 = 3*q - 3. Suppose -x*b - 7 = -t. Calculate the remainder when 5 is divided by b.
1
What is the remainder when 176 is divided by (1365/(-14))/((-24)/16)?
46
Let y(i) = 29*i - 2. Suppose 3*w = -9*w + 1260. What is the remainder when w is divided by y(1)?
24
Let y = -23 - -29. Let k = y - 8. What is the remainder when (0 - k) + 51/1 is divided by 18?
17
Let y be (36/15)/(1/(690/(-4))). Calculate the remainder when 44 is divided by (-3 + (-10)/(-4))/(9/y).
21
Let s(g) = -84*g + 151*g + 27 - 74*g. What is the remainder when s(-9) is divided by (-91)/(-4) - (-2)/8?
21
Suppose 3*a = 8*a + 90. Let z = a + 23. Suppose -3*t - 4*b = -78, 0*b - 15 = z*b. Calculate the remainder when 57 is divided by t.
27
Suppose -3*t + 368 = t. Suppose 0 = 5*v - v - t. What is the remainder when 91 is divided by v?
22
Calculate the remainder when 43 is divided by -4 - 10/(-2) - (-6)/3.
1
Suppose 3*a + 186 = -5*f + 597, 3*f + 2*a - 247 = 0. Let t(u) = -u**2 - 14*u - 3. What is the remainder when f is divided by t(-12)?
18
Let z(d) = -d**3 + 35*d**2 + 155*d + 58. What is the remainder when 111 is divided by z(39)?
16
Calculate the remainder when 216 is divided by (-26)/39*(-126)/12.
6
Suppose -4*b = 25*d - 23*d, 12 = -4*b. Suppose 0*m = -5*m + 420. Suppose -2 = -k + 5*z, -4*k + z + 0*z = -m. What is the remainder when k is divided by d?
4
Let h be (-1*(-3 + 2))/((-2)/(-16)). Calculate the remainder when 64 is divided by 106/h + (-1)/4.
12
Let x(n) = n**3 - 7*n**2 + 8*n - 7. Let d be x(6). Let a be d/4*(2 + 2). Suppose -a*o + 15 - 5 = 0. What is the remainder when o is divided by 2?
0
Let g = -12 - -20. Let m(h) = -3*h - 19. What is the remainder when m(-10) is divided by 13/4 - 2/g?
2
Let f(n) = -28*n + 887. Calculate the remainder when f(28) is divided by 52.
51
Suppose 1 = -3*y - 8. Suppose -20 = 2*p + 4*j, 4*p + 2*j + 2*j = -24. Calculate the remainder when 19 + (-6 - p - y) is divided by 7.
4
Let j(d) = d**3 + 6*d**2 - 5*d + 5. Suppose 0*l - 5*i + 137 = l, 3*l = -2*i + 372. Let f = 141 - l. Calculate the remainder when j(-5) is divided by f.
17
Let l(g) = -g**3 + 14*g**2 - 22*g. Suppose 2*h - 3*w - 140 = 0, 0*h = -5*h + w + 337. Calculate the remainder when h is divided by l(12).
19
Let t(d) = d. Let h be t(-2). Calculate the remainder when h*1/(-2)*5 is divided by 247/130 + 2/20.
1
Suppose 0 = 5*d - 4*l - 852, d = 4*l + 226 - 46. Let x = d - 106. What is the remainder when x is divided by 13?
10
Let j = -1 - 17. Let y = -16 - j. Let r = -4 + 6. What is the remainder when y is divided by r?
0
Suppose o + 3 - 5 = 0. Suppose -o*r = -18 - 8. Let p = -33 - -40. Calculate the remainder when r is divided by p.
6
Let t = -275 + 460. What is the remainder when t is divided by 62?
61
Let u be ((-40)/(-6))/((-1)/3). Let l = u - -41. Calculate the remainder when l is divided by 1/(-34)*-378 - 10/85.
10
Suppose -5*j + 133 = 13. Calculate the remainder when 189 is divided by j.
21
Let h(m) be the third derivative of -5/8*m**4 + 0*m + 1/120*m**6 + 1/5*m**5 + 0 - 2*m**2 - 3/2*m**3. Calculate the remainder when 50 is divided by h(-13).
16
Let q be (0 + 4/12)/(2/204). Let c = q - 16. What is the remainder when c is divided by 11?
7
Let j = 1820 - 1804. What is the remainder when 123 is divided by j?
11
Suppose -m - m = -6. Suppose 78 = 5*f - m*k - 47, -75 = -3*f + 3*k. Calculate the remainder when 47 is divided by (-5)/f + (-51)/(-5).
7
Let f = 189 - 109. Calculate the remainder when 1118 is divided by f.
78
Let l(c) = -c**2 - 23*c + 26. Let u be l(-24). Let w = -4 + 6. What is the remainder when (-6)/4*(0/(-3) - u) is divided by w?
1
Suppose -14*g = -50*g + 7200. What is the remainder when g is divided by 192?
8
Suppose 7*j = 12*j - 820. Calculate the remainder when j is divided by 33.
32
What is the remainder when 152/(-4)*(13 - 17) is divided by 52?
48
Suppose 7*z + 3*z + 920 = 0. Let d = -74 - z. Calculate the remainder when 71 is divided by d.
17
Suppose 4*q - h - 17 = 25, 3*q - 3*h - 36 = 0. Suppose 2*m - c = -0*c + 5, 5*m - 2*c - q = 0. Calculate the remainder when 41 is divided by 25 - (12/4 + m).
19
Let b(h) = -h**3 + 7*h**2 + 2*h - 1. Suppose 13 = 2*x - 1. Calculate the remainder when 32 is divided by b(x).
6
Suppose 33*n = 39*n - 108. Suppose 2*g = -g + 315. Calculate the remainder when g is divided by n.
15
Let f be 750/20*2/3. Suppose f = 3*s + 5*u, -6*u + 63 = 5*s - 3*u. Calculate the remainder when 42 is divided by s.
12
Let l = -6349 + 6400. Calculate the remainder when l is divided by 1/(-4) - (-146)/8.
15
Suppose -x = 3*x - 140. Suppose 2*s - 4*s + 60 = 0. What is the remainder when 14/x + 593/5 is divided by s?
29
Let k = 35 - 31. Suppose -4*n + 62 = n + k*u, -u = -2*n + 30. What is the remainder when n is divided by 6?
2
Suppose f = 3*p - 0*f - 246, -252 = -3*p + 3*f. Let q = -42 + 63. Calculate the remainder when p is divided by q.
18
Let s(x) = -6*x**3 + 2*x**2 + 2*x + 1. Suppose 126 = 3*u + l, 4*u - 152 = 7*l - 3*l. What is the remainder when u is divided by s(-1)?
6
Let b(n) = -6*n**3 - 2*n**2 + 2*n + 12. Let u be b(-3). Let v = u + -31. Calculate the remainder when v is divided by 24.
23
Let w(m) = -m**3 + 9*m**2 + 3*m - 6. Let y be w(9). Let h = y + -12. Calculate the remainder when 34 is divided by h.
7
Let n(v) = v**3 - 3*v**2 - 9*v - 21. Calculate the remainder when n(8) is divided by 80.
67
Let y = 64 - 66. Let c = 40 + y. Calculate the remainder when c is divided by 21.
17
Let w(q) = q**2 - 22*q + 79. Calculate the remainder when 101 is divided by w(19).
13
Let a be (2/(-4))/(3/48). Let p = -6 - a. Let d(y) = y**3 + y - 2. What is the remainder when 22 is divided by d(p)?
6
Let v(z) = z**2 + 3*z + 7. Let u be v(-2). Suppose 165 + 25 = u*p. Calculate the remainder when 150 is divided by p.
36
Suppose 35*b + 36 = 44*b. Let d = 33 + -17. Calculate the remainder when d is divided by b.
0
Let y = 19 + -4. Let v(p) = -p**3 + 4*p**2 + p - 1. Let m be v(3). Let x(a) = -a**3 + 12*a**2 - 11*a + 4. Calculate the remainder when y is divided by x(m).
3
Let b = 1612 + -1528. Calculate the remainder when b is divided by 34.
16
Suppose r + 4*x = 59, -42*r + 5*x + 79 = -40*r. What is the remainder when r is divided by 34?
13
Let y = 63 - -453. Suppose -y = 4*h - h + 4*t, 3*h - t + 531 = 0. What is the remainder when 21 is divided by h/(-24) - 4/(-6)?
5
Let f(a) = -6*a - 2. Let u be 8*1*(0 + 5/10). Suppose u*b - 18 = -t + 31, -3*b + 5*t = -31. What is the remainder when f(-4) is divided by b?
10
Suppose 3*t + 34 = 2*y, 5*y - 4*t - 52 = 33. Let l = 51 - 18. Calculate the remainder when l is divided by y.
16
Suppose 10*l - 355 + 115 = 0. Suppose 4*j = -4*i - i + 377, 187 = 2*j + i. Calculate the remainder when j is divided by l.
21
Let q(x) = 62*x + 112. Calculate the remainder when q(9) is divided by 56.
54
Let r(q) = -q**3 - 12*q**2 + 12*q - 1. Let y be r(-10). Let s = 453 + y. Calculate the remainder when s is divided by 27.
24
Suppose -2*o - 1 + 3 = 0. Let l = -69 + 59. Calculate the remainder when 24 is divided by 11*o - (l + 8).
11
Let d = -16 - -18. Suppose d*x + 16 = 6*x. Calculate the remainder when 5 is divided by x.
1
Suppose -6*z + 625 = -119. Calculate the remainder when (0 - z)*(14/(-4))/7 is divided by 13.
10
Suppose 0 = 4*y - 0*y - 24. Let a be 10/2*(-108)/(-20). Calculate the remainder when 41/2 - a/(-18) is divided by y.
4
Let f = 8 - 6. What is the remainder when 13 is divided by ((-35)/30)/(f/(-12))?
6
Let y be (65/(-25) + (-2)/5)*-3. Calculate the remainder when 69 - (-3)/y*-6 is divided by 18.
13
Let w = -1001 - -1170. Calculate the remainder when w is divided by 39.
13
Let r = 9 - -1. Suppose 0 = 3*l + 8 + r. What is the remainder when 